 38.
-38
What is the value of (-127 - -54 - -50) + (-5 - 2)?
-30
Calculate -11 + (10 - (98 + (15 - 34) - (7 - -3))).
-70
What is the value of 82 - (3 + 233) - -12?
-142
What is the value of (69 + -64 - 57) + (-10 - (2 - 5)) + 3?
-56
Calculate -14 + (19 + 8 - (0 + (4 - 3))).
12
Evaluate -2 + (17 + -16 + -6 - -11).
4
Evaluate 5 + -3 + (5 - 5) - (93 - 12).
-79
Evaluate 1 + -3 + 152 + -152 - (-40 + -2).
40
What is 926 + -904 - (2 + (22 - -4))?
-6
Evaluate -70 - (-148 + (-120 - -228)).
-30
14 - ((-39 - -7) + (44 - 48))
50
What is the value of -36 - 48 - 22 - -57?
-49
(12 + -6 - 10) + -3 + -3 + -3
-13
What is the value of 89 - 52 - (-211 + 132)?
116
Evaluate -49 - -26 - (-19 - (1 + 0)).
-3
What is 66 + -37 + -1 + (-3 - -6) + 0?
31
What is (-48 - -29 - (-7 + -2 + -2)) + (4 - 2)?
-6
Evaluate -113 + (20 - -40) + (9 - -18).
-26
What is the value of (-32 - 1) + -19 + 61?
9
(-76 - (-103 - -41)) + (-69 - (-4 - -5))
-84
What is 30 + -4 - ((-20 - 31) + 50)?
27
What is the value of -183 - -94 - (-3 + 3 + 32)?
-121
(-2 - -51) + -10 + (18 - 27 - -7)
37
Evaluate (20 - 21 - (7 - (-3 + -2))) + 4 - 42.
-51
What is -506 + (750 - 326) - (0 + -2 + -6 + 0)?
-74
Evaluate -88 - -8 - (-127 + -4).
51
What is the value of 1 + 1 + (-135 - (-53 - 37 - -29))?
-72
8 - (3 - 28 - 5)
38
What is 13060 + -13164 - (1 + -118)?
13
(21 - 27) + 17 - (56 + 2)
-47
Calculate 6 - 31 - -30 - 20 - (-3 + 18).
-30
Calculate -48 + 14 + (11 - 22).
-45
Evaluate (-50 + 42 - -36) + (-3 - (-8 + -3)).
36
What is (-14 + -6 + 19 - -3) + -85?
-83
Evaluate -22 + -1 + -8 + 44.
13
Evaluate -15 + (-455 - -477) + (2 - (0 + 0)).
9
What is the value of -29 + -276 - -111 - -70?
-124
Calculate 96 + -9 + -57 + -1 + -13.
16
Evaluate (-5 - -20) + 3 - 3 - (-6 + 52).
-31
Calculate (4 - (-1 - 11) - 5 - 12) + 15.
14
98 - (24 - (-49 - 101))
-76
(-103 - 0) + (18 + -33 + 15 - -20)
-83
Calculate (-61 - -193) + -271 - -262.
123
Calculate 58 + -2 + (233 - 279) + 0 + 7.
17
14 + -31 + -12 + -1 + (17 - (1 - -3))
-17
Evaluate (9 - (66 - 20 - 19)) + 59 + 3.
44
Calculate -1 - (51 - -23 - (-13 + 6 + 6 + -6)).
-82
1 - 130 - ((-78 - -272) + -190)
-133
Evaluate 5597 + -5634 + (2 - 80).
-115
115 + -68 + -10 - 12
25
Evaluate -5 + (94 - -12) + 91 + -78.
114
Evaluate -18 - (15 + -8 + -34) - (-6 - -15).
0
What is (-7 + 10 - 1) + 17 + -22 + 63?
60
What is the value of -4 - ((-24 - 4) + 26 - (13 - 2))?
9
Calculate 91 - (61 + 28) - ((-1 - -1) + 37).
-35
(64 - 7) + (5 - 10) + -9 + 1
44
What is (-6 - (50 - 113) - 72) + (-1 - -77)?
61
Calculate (8 - (7 - 6)) + 8 + (-2 + 2 - 6).
9
Evaluate 12 + 17 + -12 - 9.
8
Evaluate 244 + -243 - ((-14 - 1) + -1).
17
Calculate (0 + 1 - 7 - 9) + 46 - (0 + 0).
31
Calculate 15 - ((-22 - (-9 - -2) - -11) + 1).
18
Calculate (10 - (4 + -2)) + -632 + 618 + -39.
-45
What is the value of 5 - 34 - (67 + -95) - -7?
6
What is 62 + -3 + (23 - 22) + -10?
50
What is the value of (-5 - -15) + -4 + ((-2 - -7) + -8 - 39)?
-36
Calculate (-22 - 4) + -1 - (-13 - -1) - (-16 - -12).
-11
Calculate (-80 - -64 - (-1 - 17)) + 5 + 91.
98
Calculate -2 + (5 - (-1 + 1)) + (13 - 12).
4
Calculate -118 - (-120 + 65 + -51).
-12
Evaluate -6 - (14 - (24 - 14)) - 45.
-55
What is the value of (11 - (-22 + -7)) + -16 + -31?
-7
58 + 3 - (-33 + -4 + 35 - (-3 + 0))
60
What is the value of 41 - 14 - 13 - (153 - 8)?
-131
What is the value of (-20 - -22) + -2 + (-101 - ((-4 - -6) + -13))?
-90
Calculate 25 + (25 - (37 + 14)) - 11.
-12
Evaluate -13 + 11 + (-199 - -211) - (2 - -94).
-86
What is -121 + 126 - (-8 + -39)?
52
Evaluate (4 - 2) + -3 + (8 - -1) + 163 + -175.
-4
-50 - (89 + -99 - (4 + (1 - 4)))
-39
What is the value of 4 + -2 + (-1 - -6 - (-78 + 30 - -66))?
-11
What is 3 - (-39 - (-109 + 45))?
-22
Calculate -3 + (-48 - (6 - 4)) - (40 - 41).
-52
What is -24 - 0 - ((-203 - -21) + 189)?
-31
Calculate (10 + 3 - 51) + -9 + (-15 - -19).
-43
What is the value of (2 + 0 - 0) + 15 + 30 + -368 + 356?
35
Calculate (-2 - (-1 + 4)) + (22 - (-15 - -44)).
-12
What is the value of 10 + (-44 - (-63 - -98))?
-69
What is 48 - (-73 + 11 + 165)?
-55
What is -141 + 94 - ((9 - -1 - 6) + 2 + 0)?
-53
Calculate -52 + (190 - (42 - -67)).
29
What is (7 - 0 - -18) + -20 - -35?
40
(47 - (-3 - 18)) + (-3 - 12)
53
Calculate (9 - 15) + (-47 - 7) + 20.
-40
What is 9 - (16 - -6) - ((12 - -4) + -15)?
-14
127 + (-104 - (19 - 10))
14
Calculate 14 + 31 + -23 - 96.
-74
Evaluate 21 + (-19 + 31 - 23) + 5 + -6 + 59.
68
13 - (-19 - -34) - (-20 - (2 + -2))
18
68 + (-13 + -62 - -65)
58
Calculate 8 + 10 + (-10 - (-8 - -8)) + (-4 - 38).
-34
Calculate 4 + ((-11 - (9 - (10 - 2))) + -8 - 10).
-26
Evaluate (-27 - -79) + -36 + 14 - -74.
104
What is the value of (-12 - -15) + (-16 - -12) + 67?
66
What is -2 + 18 + 35 + -91 + (2 - -38)?
0
What is -27 + 4 + -8 + (-11 - -37)?
-5
Evaluate (2 + -2 - 74) + (-37 - (-4 + 30 + -74)).
-63
Calculate -41 + -2 + (1755 - 1740).
-28
Calculate (76 - 11) + (-8 - -24) - 19.
62
-63 + -9 + -6 + -10 + 5
-83
-57 + -43 + 59 - 5
-46
6 - -74 - (-54 - -89 - 23)
68
What is 72 - 72 - (2 - 7 - (26 + 10 + -8))?
33
(26 + -36 - -18) + -71 + -2
-65
Evaluate 1 + (-12 - -2) - (12 - -4).
-25
What is 2 + (33 - 9) + -33?
-7
What is the value of -44 - (-1 - (-3 + 10 + -2 - 1))?
-39
Evaluate -848 + 858 + (-11 - (-2 - 0)).
1
What is the value of (-40 - 32) + 63 + -27?
-36
Calculate 87 - ((-131 - (-132 - 8)) + -1 + -22).
101
What is the value of 3 + -5 + 8 + (2 - 5 - (-20 + -3))?
26
Evaluate -106 + 185 + 43 + -37.
85
Evaluate 1 + (22 - 19 - (-4 + -18)).
26
1407 + -1522 + (-1 - -117)
1
Calculate 50 + -30 - (7 - 9) - (-5 - -4).
23
Evaluate 2 + 3 + (-2 + 0 - 0) + 4 + -14.
-7
Evaluate -22 + (15 - 4) + 2 + -7.
-16
Evaluate 8 + 12 + 94 - 50.
64
Evaluate 3 + 26 + (-44 - (-44 - -4)).
25
What is the value of -2 + (-17 - (-21 - (-5 - 4) - -2)) + -5?
-14
Evaluate (-733 + 736 - (11 + (2 - 1))) + -1.
-10
Calculate (1 + -6 - (-44 - -128 - 98)) + -69.
-60
26 - (60 + (-20 - 50))
36
Evaluate (-38 - (39 - 70) - (2 - (-2 + 2))) + 131.
122
-13 - (0 - -1) - -35 - (-15 - -144)
-108
What is -5 + 22 + 4 + -15 - 17?
-11
What is the value of -40 - (-7 + 13 + 17 + -5 + -30)?
-28
Evaluate -29 - (-2 + (13 - 29) - -21).
-32
What is -21 + (85 - (32 - (35 + -18)))?
49
Calculate (0 - (-72 - (-5 - -4))) + (70 - 86).
55
-18 - (-4 + 12 + 20 + -37)
-9
What is 4 - (5 + 2 + (-81 + 24 - -28))?
26
What is 80 - ((-75 - -118) + 45)?
-8
Calculate (7 - (-8 - (5 - -13)) - 9) + -4.
20
Evaluate 1 - -8 - (-15 + (26 - (-19 + 38))) - 14.
3
Evaluate (6 - (14 - (-13 + (8 - 0) + 5))) + -122.
-130
What is -100 + 0 + (60 + -64 - -4) - 0?
-100
Evaluate -9 + -21 + (-269 - -271).
-28
Calculate 16300 + -16312 - (57 + 1).
-70
What is the value of -91 - (-153 + 69) - -31?
24
What is the value of -11 - (-17 + 9 + 9 + -19 + 3 + 5)?
-1
Calculate 0 + -8 + 15 + -17 + -3 + 23 + 8.
18
Calculate 4 - ((4 - -7) + 12).
-19
What is 16 + (-71 - (-188 + 91))?
42
Evaluate -392 + 228 + (-30 - -308).
114
-41 - ((4 - -110) + -86)
-69
Evaluate (14 + 0 - (3 + -85 + -18)) + -2.
112
What is the value of 14 + (6 - ((-1 - -36) + (85 - 79)))?
-21
What is the value of 16 + -11 - 7 - (-75 - -26)?
47
Evaluate 9 + -17 + -43 + (11 + -6 - 7 - -1).
-52
Evaluate 32 + (37 - (-15 - -16) - 67).
1
Evaluate (139 - (151 - 23)) + 3 + (3 + -3 - 31).
-17
Evaluate -11 + (-10 - (19 - 35)) - (-3 + -62).
60
What is (-19 - (-4 - -7)) + 137 + -143?
-28
Calculate 57 + -80 - -140 - 95.
22
Evaluate 32 - (-8 - -38) - (-25 + -13).
40
-13 - (-21 + -5 + -11)
24
What is the value of 2 + -66 - (22 + -23 - (-4 + 1))?
-66
Evaluate -8 - (-51 + -40 - -51).
32
-2739 + 2726 - (1 - 21 - 3)
10
-179 + 121 + -41 + 98
-1
What is 16 - 2 - (43 - (0 - (33 - 12)))?
-50
-72 - -41 - (-6 - -54)
-79
Calculate (-20 + 6 - (-7 - (-12 - -8))) + 13.
2
Calculate -72 + 88 + (147 - 84).
79
What is (-9 - -11) + (-27 - -36 - 11) + 8?
8
(-59 + 74 - (9 + 4 - -5)) + (-1 - 76)
-80
Calculate 2 + 22 + -22 + -45 + 28.
-15
What is (-64 - 35) + 47 + 86?
34
Calculate -9 + (40 + -27 + -8 - (0 + 5)) + 5.
-4
Evaluate -21 - (-16 + 74 - 45).
-34
What is 8 + 42 - ((-16 - (1 - 24)) + -2 + -1)?
46
What is the value of -22 + 98 + 8 - 73?
11
What is the value of 14 - (-88 - (3 - -14)) - ((2 - -4) + -2)?
115
Evaluate (267 + -267 - (-1 - -5)) + 21.
17
What is (46 - (41 + 77 - 35)) + 41?
4
36 + (-55 - -5) + -31 - ((0 - 1) + 2)
-46
-129 - -74 - -104 - 53
-4
Ca